 28*j**2 - 5*j + 5. List the prime factors of k(v).
2, 353
Suppose 0 = 20*m + 188*m - 461968. List the prime factors of m.
2221
Suppose -4*m - 5*w = -207, 0*m + 4*m - 204 = -4*w. Suppose 3*x - m = 5*l + 315, -3*x + 2*l + 372 = 0. What are the prime factors of x?
2, 3, 7
Let n be (-12755)/(-30) + (-1)/12*2. Let w = n - 252. List the prime factors of w.
173
Let u be 4/((-5)/2 - -3). Suppose -13*b + 14*b - u = 0. Suppose -4*t + b*t - 468 = -4*l, -5 = -t. List the prime factors of l.
2, 7
Suppose 0 = 2*i + 3*o - 20978, 22*i + 2*o + 42004 = 26*i. List the prime factors of i.
2, 29, 181
Suppose 6*r + 1258 + 1538 = 0. Let g(m) = -m + 25. Let j be g(0). What are the prime factors of (-15)/j + r/(-10) + 1?
47
Let u(v) = v**3 + 63*v**2 + 16*v - 169. List the prime factors of u(-56).
20887
Let h(z) = -2*z**3 + 81*z**2 - 63*z - 231. What are the prime factors of h(32)?
15161
Suppose 140*q = 559087 - 120327. What are the prime factors of q?
2, 1567
Let s(b) = -10 + b**2 + 5 + 2*b**2 + 6. Let z be s(3). Suppose -5*y + 25 = 5*q, 3*y - z = -y - 2*q. List the prime factors of y.
3
Let i be 1 - ((-56)/(-4) - 1). Let c be 1/((-1)/i*(-8)/(-196)). Let y = c + -167. What are the prime factors of y?
127
Suppose i - 500 - 127 = 2*h, 0 = -5*i + h + 3117. Suppose 349 + i = 12*d. List the prime factors of d.
3
Let x be 14/8*(298 - -46). Suppose -p - x + 4199 = 5*c, 4*p = -c + 727. List the prime factors of c.
719
Let b(s) = -s**3 + 8*s**2 - 8*s + 12. Let k be b(5). Let o = 42 - k. Let p(l) = -12*l + 13. List the prime factors of p(o).
73
Suppose 0 = -60*o + 590376 + 952944. List the prime factors of o.
2, 3, 1429
Let a = -234 - -239. Suppose 2*s = -10, a*v + 5*s = 1627 + 508. List the prime factors of v.
2, 3
Let m(n) = 10*n**2 - 227*n + 157. List the prime factors of m(53).
2, 2027
Suppose 103*o - 205934 = 212040. List the prime factors of o.
2, 2029
Suppose 5896 = 4*a + 5*f - 3*f, -3*a + 5*f = -4396. Suppose 4*p = 3*w + 1172, 0 = -7*p + 2*p + 2*w + a. List the prime factors of p.
2, 37
Suppose -4*n - 3*k = 6936, n = -n - 4*k - 3458. Let y = 2690 + n. List the prime factors of y.
953
Suppose -6*k - 105 = -219. Suppose 0 = 10*t + k*t - 16559. List the prime factors of t.
571
Suppose -a - 1 = 1. Let t(i) = 45*i + 3. Let w be t(a). List the prime factors of 3/2*(-12)/18*w.
3, 29
Let p = 25037 - 11147. What are the prime factors of p?
2, 3, 5, 463
Let b = 14469 + -7017. List the prime factors of b.
2, 3, 23
Let l(o) = 2*o**3 - o**2 - 3*o**3 - 4*o**2 - 5 - 6*o + 0. Let k be l(-3). List the prime factors of (-462)/k + (-27)/(-45).
3, 31
Suppose 54829 = 16*o - 35651. List the prime factors of o.
3, 5, 13, 29
Suppose -d + 11*d - 50 = 0. Suppose 3*x + 633 = 5*x - 3*k, d*x + 2*k - 1630 = 0. What are the prime factors of x?
2, 3
Let r(j) = 68*j + 62. Let t be r(-10). Let p = t - -973. What are the prime factors of p?
5, 71
Let j = -495 + 1060. Suppose -4*o - 1494 = -2*g, -3*o + 207 = g - j. List the prime factors of g.
757
Let b(u) = -u**3 + 178*u**2 - 2196*u + 401. List the prime factors of b(162).
64553
Let x(m) = 15*m**3 - 42*m**2 - 30*m + 48. Let v(t) = -7*t**3 + 20*t**2 + 15*t - 24. Let s(j) = -13*v(j) - 6*x(j). What are the prime factors of s(11)?
2, 3, 37
Suppose 11*l - 344979 = 61581. What are the prime factors of l?
2, 3, 5, 7, 11
Let f(y) = -27*y**2. Let t be f(1). Let k be (75/t - -3) + (-446)/(-18). Suppose -5*i - k = -480. List the prime factors of i.
7, 13
Let p = -8602 - -15169. List the prime factors of p.
3, 11, 199
Let t(s) = -151*s + 52. Let c be t(-16). Suppose -c = -4*g - 2*z, 4*g - 2*z - 1865 = g. List the prime factors of g.
619
Let t(p) = -13*p - 61. Let b(z) = 4*z + 24. Let q be b(-5). Let g be -6 + 6 - (q - -1). List the prime factors of t(g).
2
Let o = -19761 - -30366. What are the prime factors of o?
3, 5, 7, 101
List the prime factors of 1347/3 - ((-62)/155)/(2/5).
2, 3, 5
Let p(t) = 7*t**2 - 2*t + 7. Let y(m) = 3*m - 15. Let x be y(4). Let j be ((4 - 3) + -2)*x. List the prime factors of p(j).
2
Let s = 187 + -188. Let x(p) = -756*p**3 - p**2 - 4*p - 2. List the prime factors of x(s).
757
Suppose 18462 = 4*o - q - 17728, 0 = o - q - 9052. What are the prime factors of o?
2, 4523
Let z be (8/2 - 1)/((-8)/(-184)). Suppose -z = 8*s + 3. Let r(b) = -b**2 - 19*b - 5. List the prime factors of r(s).
5, 17
Let z(j) = 7*j - 23. Let i be z(4). Let h = i + 0. Let o(q) = 25*q - 7. List the prime factors of o(h).
2, 59
Suppose 2*o = 3*c + 8120, 139*o - 140*o = 4*c - 4038. List the prime factors of o.
2, 2027
Let q be (-16 + 10)*(-58)/4. Suppose 5*h - 26 = -3*m - 1, 4*m + 3*h = 15. Suppose m = -4*t + 305 + q. List the prime factors of t.
2, 7
Suppose -218*m + 23791125 - 8530035 = 0. What are the prime factors of m?
3, 5, 13, 359
Let p be (-1)/((-3)/8 + 2/16). Let l(k) = 13*k + 3*k + p*k + 28. What are the prime factors of l(12)?
2, 67
Let o = -16 - -18. Let c be 2 - o/(-4)*8. Suppose -c*v + 181 = -311. What are the prime factors of v?
2, 41
Let b = -15125 + 22207. What are the prime factors of b?
2, 3541
Let s be ((-303)/2)/((-6)/68). Let y = s + -959. List the prime factors of y.
2, 379
Suppose -2414 = -30*t + 1126. List the prime factors of t.
2, 59
Suppose -3349 = -5*i + 2756. Suppose i = 7*h - 1649. List the prime factors of h.
2, 5, 41
Suppose -6730 = -4*z - 3*k + 12262, 3*z - 8*k - 14203 = 0. What are the prime factors of z?
5, 13, 73
Suppose -6*n + 897 + 5091 = 0. Let l = -635 + n. What are the prime factors of l?
3, 11
Let y be (0 + 0)*(-2)/(-8)*2. Suppose b - 2 + 0 = y. List the prime factors of ((-14)/(-6) - b)*(-618)/(-2).
103
Let z = 9 - 7. Suppose -z*j - 21*v + 25*v = -1112, -v = 5*j - 2824. What are the prime factors of j?
2, 3, 47
Let a = 3677 - -57652. List the prime factors of a.
3, 20443
Suppose -4*r = -167 - 53. Suppose -4*n + z + 34 + 19 = 0, 5*n + z - r = 0. Suppose -9*h + n*h = 168. List the prime factors of h.
2, 7
Let l = 4520 + -3676. Let x(t) = t**2 + 4*t - 2. Let k be x(-5). Suppose 2*b + l = k*r, 2*b + 1126 = 4*r - 0*r. List the prime factors of r.
2, 3, 47
Let l be 3/(-5) - 54/(-45)*-1427. Let p = l - -3056. List the prime factors of p.
17, 79
Suppose 39610 = 5*u - 2*k, 0 = -5*u + 32*k - 36*k + 39580. List the prime factors of u.
2, 3, 5, 11
Suppose 49 - 24 = -5*t. Let h be t/(40/(-1124))*6. Let f = h + -574. What are the prime factors of f?
269
Suppose -10*c = -6*c + 3*i - 128, 0 = 3*c - i - 109. Let b = 342 + c. What are the prime factors of b?
13, 29
Let f = 2649 + -2751. Let c(u) = u**3 + u**2 - 6*u - 1. Let g be c(-4). Let t = g - f. What are the prime factors of t?
7, 11
Suppose -4*s + 20189 - 4978 = 3*s. List the prime factors of s.
41, 53
Suppose -4611 = -16*b + 7725. Suppose 2*p - 600 = 4*r, 5*r = -4*p + b + 481. What are the prime factors of p?
2, 7, 11
Let u(o) = 99 - 72 - 97*o + 172. What are the prime factors of u(-13)?
2, 5, 73
Suppose -1036759 = -124*n - 271404 + 1699641. What are the prime factors of n?
103, 193
Suppose i = -2*a - 2*i - 42, 0 = 5*a + 3*i + 96. Let y = a - -76. Suppose -83 - y = -g. List the prime factors of g.
3, 47
Suppose 45 = -5*z + 55, -z = -l + 933. What are the prime factors of l?
5, 11, 17
Let q(f) = f**2 - 8*f - 11. Suppose 4*u - 30 - 22 = 4*l, -5*u - l + 47 = 0. Let v be q(u). Suppose -v*x + 581 = 14. List the prime factors of x.
3, 7
Let z(o) = 549*o + 4452. List the prime factors of z(32).
2, 3, 5, 367
Let w = -2377 - -3031. What are the prime factors of w?
2, 3, 109
Let q be (-29)/(-8) - 2/((-192)/36). Suppose 4*a - 803 = -m + 193, -q*m = -3*a + 766. What are the prime factors of a?
2, 5
Let g = -77044 - -148078. What are the prime factors of g?
2, 3, 11839
Let a = 28555 + -16670. List the prime factors of a.
5, 2377
List the prime factors of 5/3 + 27766/3.
9257
Let h(s) = -74*s - 21. Let k be h(-3). Let n = 343 - k. List the prime factors of n.
2, 71
Suppose -5*n + 2 = d - n, 0 = -4*d + 5*n + 29. Let m(j) = 13*j**2 - 11*j + 15. What are the prime factors of m(d)?
3, 139
Suppose 5*h = 3*t - 0*t - 3977, 2*t - 5*h = 2653. Suppose 800 = 4*q - t. Suppose q = -n + 4*n. What are the prime factors of n?
3, 59
List the prime factors of 0 + 1913 + -6 - -1.
2, 3, 53
List the prime factors of (11730 + 1123)/(6/(-8) - -1).
2, 12853
Let b(q) = -2*q**2 + 37 + 16*q**3 + 3*q - 69 + 4*q**3 + 43. List t